{"id":10,"date":"2023-07-23T12:03:51","date_gmt":"2023-07-23T10:03:51","guid":{"rendered":"https:\/\/une-aventure-nippone.fr\/?page_id=10"},"modified":"2023-08-14T15:34:12","modified_gmt":"2023-08-14T13:34:12","slug":"accueil","status":"publish","type":"page","link":"https:\/\/une-aventure-nippone.fr\/","title":{"rendered":"Accueil"},"content":{"rendered":"\n<div style=\"height:30px\" aria-hidden=\"true\" class=\"wp-block-spacer\"><\/div>\n\n\n\n<h2 class=\"wp-block-heading has-text-align-center has-text-color\" style=\"color:#e59c00ba;font-size:29px\">Une aventure nippone, ou l&rsquo;itin\u00e9raire d&rsquo;un s\u00e9jour r\u00eav\u00e9<\/h2>\n\n\n\n<div style=\"height:30px\" aria-hidden=\"true\" class=\"wp-block-spacer\"><\/div>\n\n\n\n<p class=\"has-text-align-left\" style=\"font-size:17px;font-style:italic;font-weight:400\">Bienvenue sur mon site sur lequel je publie mensuellement des articles sur mon s\u00e9jour au Japon. <br>Au travers de ces articles vous trouverez le r\u00e9cit de mes diff\u00e9rents voyages, exp\u00e9riences et d\u00e9couvertes dans le pays du soleil levant. Pour plus d&rsquo;informations sur qui je suis et pourquoi ce s\u00e9jour est si particulier \u00e0 mes yeux je vous laisse vous rendre dans la section \u00ab\u00a0A propos\u00a0\u00bb du site. <\/p>\n\n\n\n<div style=\"height:50px\" aria-hidden=\"true\" class=\"wp-block-spacer\"><\/div>\n\n\n\n<figure class=\"wp-block-gallery has-nested-images columns-default is-cropped wp-block-gallery-1 is-layout-flex wp-block-gallery-is-layout-flex\">\n<figure class=\"wp-block-image size-large\"><img loading=\"lazy\" decoding=\"async\" width=\"4096\" height=\"3072\" data-id=\"87\" src=\"https:\/\/une-aventure-nippone.fr\/wp-content\/uploads\/2023\/08\/DSCN4154-4096x3072.jpg\" alt=\"\" class=\"wp-image-87\" srcset=\"https:\/\/une-aventure-nippone.fr\/wp-content\/uploads\/2023\/08\/DSCN4154-4096x3072.jpg 4096w, https:\/\/une-aventure-nippone.fr\/wp-content\/uploads\/2023\/08\/DSCN4154-300x225.jpg 300w, https:\/\/une-aventure-nippone.fr\/wp-content\/uploads\/2023\/08\/DSCN4154-150x113.jpg 150w, https:\/\/une-aventure-nippone.fr\/wp-content\/uploads\/2023\/08\/DSCN4154-768x576.jpg 768w, https:\/\/une-aventure-nippone.fr\/wp-content\/uploads\/2023\/08\/DSCN4154-1536x1152.jpg 1536w, https:\/\/une-aventure-nippone.fr\/wp-content\/uploads\/2023\/08\/DSCN4154-2048x1536.jpg 2048w, https:\/\/une-aventure-nippone.fr\/wp-content\/uploads\/2023\/08\/DSCN4154-1140x855.jpg 1140w\" sizes=\"auto, (max-width: 4096px) 100vw, 4096px\" \/><\/figure>\n<\/figure>\n","protected":false},"excerpt":{"rendered":"<p>Une aventure nippone, ou l&rsquo;itin\u00e9raire d&rsquo;un s\u00e9jour r\u00eav\u00e9 Bienvenue sur mon site sur lequel je publie mensuellement des articles sur mon s\u00e9jour au Japon. Au travers de ces articles vous trouverez le r\u00e9cit de mes diff\u00e9rents voyages, exp\u00e9riences et d\u00e9couvertes dans le pays du soleil levant. Pour plus d&rsquo;informations sur qui je suis et pourquoi ce s\u00e9jour est si particulier \u00e0 mes yeux je vous laisse vous rendre dans la section \u00ab\u00a0A propos\u00a0\u00bb du site.<\/p>\n","protected":false},"author":1,"featured_media":0,"parent":0,"menu_order":0,"comment_status":"closed","ping_status":"closed","template":"","meta":{"_monsterinsights_skip_tracking":false,"_monsterinsights_sitenote_active":false,"_monsterinsights_sitenote_note":"","_monsterinsights_sitenote_category":0,"footnotes":""},"class_list":["post-10","page","type-page","status-publish","hentry"],"_links":{"self":[{"href":"https:\/\/une-aventure-nippone.fr\/index.php?rest_route=\/wp\/v2\/pages\/10","targetHints":{"allow":["GET"]}}],"collection":[{"href":"https:\/\/une-aventure-nippone.fr\/index.php?rest_route=\/wp\/v2\/pages"}],"about":[{"href":"https:\/\/une-aventure-nippone.fr\/index.php?rest_route=\/wp\/v2\/types\/page"}],"author":[{"embeddable":true,"href":"https:\/\/une-aventure-nippone.fr\/index.php?rest_route=\/wp\/v2\/users\/1"}],"replies":[{"embeddable":true,"href":"https:\/\/une-aventure-nippone.fr\/index.php?rest_route=%2Fwp%2Fv2%2Fcomments&post=10"}],"version-history":[{"count":18,"href":"https:\/\/une-aventure-nippone.fr\/index.php?rest_route=\/wp\/v2\/pages\/10\/revisions"}],"predecessor-version":[{"id":88,"href":"https:\/\/une-aventure-nippone.fr\/index.php?rest_route=\/wp\/v2\/pages\/10\/revisions\/88"}],"wp:attachment":[{"href":"https:\/\/une-aventure-nippone.fr\/index.php?rest_route=%2Fwp%2Fv2%2Fmedia&parent=10"}],"curies":[{"name":"wp","href":"https:\/\/api.w.org\/{rel}","templated":true}]}}